{"id":153,"date":"2026-01-22T17:14:25","date_gmt":"2026-01-22T22:14:25","guid":{"rendered":"https:\/\/federacionfesoc.org\/?page_id=153"},"modified":"2026-01-23T07:31:23","modified_gmt":"2026-01-23T12:31:23","slug":"noticias","status":"publish","type":"page","link":"https:\/\/federacionfesoc.org\/index.php\/noticias\/","title":{"rendered":"Noticias"},"content":{"rendered":"\t\t<div data-elementor-type=\"wp-page\" data-elementor-id=\"153\" class=\"elementor elementor-153\" data-elementor-post-type=\"page\">\n\t\t\t\t<div class=\"elementor-element elementor-element-7e39abd e-flex e-con-boxed e-con e-parent\" data-id=\"7e39abd\" data-element_type=\"container\" data-e-type=\"container\">\n\t\t\t\t\t<div class=\"e-con-inner\">\n\t\t\t\t<div class=\"elementor-element elementor-element-a648a47 elementor-widget elementor-widget-heading\" data-id=\"a648a47\" data-element_type=\"widget\" data-e-type=\"widget\" data-widget_type=\"heading.default\">\n\t\t\t\t\t<h1 class=\"elementor-heading-title elementor-size-default\">Noticias<\/h1>\t\t\t\t<\/div>\n\t\t\t\t<div class=\"elementor-element elementor-element-d93a706 elementor-grid-3 elementor-grid-tablet-2 elementor-grid-mobile-1 elementor-posts--thumbnail-top elementor-widget elementor-widget-posts\" data-id=\"d93a706\" data-element_type=\"widget\" data-e-type=\"widget\" data-settings=\"{&quot;pagination_type&quot;:&quot;numbers&quot;,&quot;classic_columns&quot;:&quot;3&quot;,&quot;classic_columns_tablet&quot;:&quot;2&quot;,&quot;classic_columns_mobile&quot;:&quot;1&quot;,&quot;classic_row_gap&quot;:{&quot;unit&quot;:&quot;px&quot;,&quot;size&quot;:35,&quot;sizes&quot;:[]},&quot;classic_row_gap_tablet&quot;:{&quot;unit&quot;:&quot;px&quot;,&quot;size&quot;:&quot;&quot;,&quot;sizes&quot;:[]},&quot;classic_row_gap_mobile&quot;:{&quot;unit&quot;:&quot;px&quot;,&quot;size&quot;:&quot;&quot;,&quot;sizes&quot;:[]}}\" data-widget_type=\"posts.classic\">\n\t\t\t\t<div class=\"elementor-widget-container\">\n\t\t\t\t\t\t\t<div class=\"elementor-posts-container elementor-posts elementor-posts--skin-classic elementor-grid\">\n\t\t\t\t<article class=\"elementor-post elementor-grid-item post-426 post type-post status-publish format-standard has-post-thumbnail hentry category-sin-categoria\">\n\t\t\t\t<a class=\"elementor-post__thumbnail__link\" href=\"https:\/\/federacionfesoc.org\/index.php\/2026\/01\/23\/conectados-al-futuro\/\" tabindex=\"-1\" >\n\t\t\t<div class=\"elementor-post__thumbnail\"><img fetchpriority=\"high\" decoding=\"async\" width=\"768\" height=\"576\" src=\"https:\/\/federacionfesoc.org\/wp-content\/uploads\/2026\/01\/1744265908WhatsApp-Image-2025-04-10-at-00.45.32-768x576.jpeg\" class=\"attachment-medium_large size-medium_large wp-image-427\" alt=\"\" srcset=\"https:\/\/federacionfesoc.org\/wp-content\/uploads\/2026\/01\/1744265908WhatsApp-Image-2025-04-10-at-00.45.32-768x576.jpeg 768w, https:\/\/federacionfesoc.org\/wp-content\/uploads\/2026\/01\/1744265908WhatsApp-Image-2025-04-10-at-00.45.32-300x225.jpeg 300w, https:\/\/federacionfesoc.org\/wp-content\/uploads\/2026\/01\/1744265908WhatsApp-Image-2025-04-10-at-00.45.32-1024x768.jpeg 1024w, https:\/\/federacionfesoc.org\/wp-content\/uploads\/2026\/01\/1744265908WhatsApp-Image-2025-04-10-at-00.45.32-1536x1152.jpeg 1536w, https:\/\/federacionfesoc.org\/wp-content\/uploads\/2026\/01\/1744265908WhatsApp-Image-2025-04-10-at-00.45.32.jpeg 1600w\" sizes=\"(max-width: 768px) 100vw, 768px\" \/><\/div>\n\t\t<\/a>\n\t\t\t\t<div class=\"elementor-post__text\">\n\t\t\t\t<h3 class=\"elementor-post__title\">\n\t\t\t<a href=\"https:\/\/federacionfesoc.org\/index.php\/2026\/01\/23\/conectados-al-futuro\/\" >\n\t\t\t\tConectados al futuro\t\t\t<\/a>\n\t\t<\/h3>\n\t\t\t\t<div class=\"elementor-post__meta-data\">\n\t\t\t\t\t<span class=\"elementor-post-date\">\n\t\t\t23 enero, 2026\t\t<\/span>\n\t\t\t\t<span class=\"elementor-post-avatar\">\n\t\t\tNo hay comentarios\t\t<\/span>\n\t\t\t\t<\/div>\n\t\t\t\t<div class=\"elementor-post__excerpt\">\n\t\t\t<p>Formaci\u00f3n en Finanzas y Tecnolog\u00eda Inteligente.<\/p>\n\t\t<\/div>\n\t\t\n\t\t<a class=\"elementor-post__read-more\" href=\"https:\/\/federacionfesoc.org\/index.php\/2026\/01\/23\/conectados-al-futuro\/\" aria-label=\"Read more about Conectados al futuro\" tabindex=\"-1\" >\n\t\t\tLeer m\u00e1s \u00bb\t\t<\/a>\n\n\t\t\t\t<\/div>\n\t\t\t\t<\/article>\n\t\t\t\t<article class=\"elementor-post elementor-grid-item post-139 post type-post status-publish format-standard has-post-thumbnail hentry category-sin-categoria\">\n\t\t\t\t<a class=\"elementor-post__thumbnail__link\" href=\"https:\/\/federacionfesoc.org\/index.php\/2026\/01\/22\/noticia-3\/\" tabindex=\"-1\" >\n\t\t\t<div class=\"elementor-post__thumbnail\"><img decoding=\"async\" width=\"768\" height=\"575\" src=\"https:\/\/federacionfesoc.org\/wp-content\/uploads\/2026\/01\/1736057563WhatsApp-Image-2024-12-27-at-08.59.04-768x575.jpeg\" class=\"attachment-medium_large size-medium_large wp-image-421\" alt=\"\" srcset=\"https:\/\/federacionfesoc.org\/wp-content\/uploads\/2026\/01\/1736057563WhatsApp-Image-2024-12-27-at-08.59.04-768x575.jpeg 768w, https:\/\/federacionfesoc.org\/wp-content\/uploads\/2026\/01\/1736057563WhatsApp-Image-2024-12-27-at-08.59.04-300x224.jpeg 300w, https:\/\/federacionfesoc.org\/wp-content\/uploads\/2026\/01\/1736057563WhatsApp-Image-2024-12-27-at-08.59.04-1024x766.jpeg 1024w, https:\/\/federacionfesoc.org\/wp-content\/uploads\/2026\/01\/1736057563WhatsApp-Image-2024-12-27-at-08.59.04-1536x1149.jpeg 1536w, https:\/\/federacionfesoc.org\/wp-content\/uploads\/2026\/01\/1736057563WhatsApp-Image-2024-12-27-at-08.59.04.jpeg 1600w\" sizes=\"(max-width: 768px) 100vw, 768px\" \/><\/div>\n\t\t<\/a>\n\t\t\t\t<div class=\"elementor-post__text\">\n\t\t\t\t<h3 class=\"elementor-post__title\">\n\t\t\t<a href=\"https:\/\/federacionfesoc.org\/index.php\/2026\/01\/22\/noticia-3\/\" >\n\t\t\t\tCreciendo Juntos\t\t\t<\/a>\n\t\t<\/h3>\n\t\t\t\t<div class=\"elementor-post__meta-data\">\n\t\t\t\t\t<span class=\"elementor-post-date\">\n\t\t\t22 enero, 2026\t\t<\/span>\n\t\t\t\t<span class=\"elementor-post-avatar\">\n\t\t\tNo hay comentarios\t\t<\/span>\n\t\t\t\t<\/div>\n\t\t\t\t<div class=\"elementor-post__excerpt\">\n\t\t\t<p>\u00a0 La Federaci\u00f3n FESOC, bajo la direcci\u00f3n de su presidenta Jacqueline Hermann y por iniciativa del \u00e1rea psicosocial, organiz\u00f3 un almuerzo con el equipo administrativo<\/p>\n\t\t<\/div>\n\t\t\n\t\t<a class=\"elementor-post__read-more\" href=\"https:\/\/federacionfesoc.org\/index.php\/2026\/01\/22\/noticia-3\/\" aria-label=\"Read more about Creciendo Juntos\" tabindex=\"-1\" >\n\t\t\tLeer m\u00e1s \u00bb\t\t<\/a>\n\n\t\t\t\t<\/div>\n\t\t\t\t<\/article>\n\t\t\t\t<article class=\"elementor-post elementor-grid-item post-134 post type-post status-publish format-standard has-post-thumbnail hentry category-sin-categoria\">\n\t\t\t\t<a class=\"elementor-post__thumbnail__link\" href=\"https:\/\/federacionfesoc.org\/index.php\/2026\/01\/22\/noticia-2\/\" tabindex=\"-1\" >\n\t\t\t<div class=\"elementor-post__thumbnail\"><img decoding=\"async\" width=\"768\" height=\"432\" src=\"https:\/\/federacionfesoc.org\/wp-content\/uploads\/2026\/01\/1733467152WhatsApp-Image-2024-12-06-at-1.32.01-AM-768x432.jpeg\" class=\"attachment-medium_large size-medium_large wp-image-413\" alt=\"\" srcset=\"https:\/\/federacionfesoc.org\/wp-content\/uploads\/2026\/01\/1733467152WhatsApp-Image-2024-12-06-at-1.32.01-AM-768x432.jpeg 768w, https:\/\/federacionfesoc.org\/wp-content\/uploads\/2026\/01\/1733467152WhatsApp-Image-2024-12-06-at-1.32.01-AM-300x169.jpeg 300w, https:\/\/federacionfesoc.org\/wp-content\/uploads\/2026\/01\/1733467152WhatsApp-Image-2024-12-06-at-1.32.01-AM-1024x576.jpeg 1024w, https:\/\/federacionfesoc.org\/wp-content\/uploads\/2026\/01\/1733467152WhatsApp-Image-2024-12-06-at-1.32.01-AM-1536x864.jpeg 1536w, https:\/\/federacionfesoc.org\/wp-content\/uploads\/2026\/01\/1733467152WhatsApp-Image-2024-12-06-at-1.32.01-AM.jpeg 1599w\" sizes=\"(max-width: 768px) 100vw, 768px\" \/><\/div>\n\t\t<\/a>\n\t\t\t\t<div class=\"elementor-post__text\">\n\t\t\t\t<h3 class=\"elementor-post__title\">\n\t\t\t<a href=\"https:\/\/federacionfesoc.org\/index.php\/2026\/01\/22\/noticia-2\/\" >\n\t\t\t\tCierre de Capacitaciones\t\t\t<\/a>\n\t\t<\/h3>\n\t\t\t\t<div class=\"elementor-post__meta-data\">\n\t\t\t\t\t<span class=\"elementor-post-date\">\n\t\t\t22 enero, 2026\t\t<\/span>\n\t\t\t\t<span class=\"elementor-post-avatar\">\n\t\t\tNo hay comentarios\t\t<\/span>\n\t\t\t\t<\/div>\n\t\t\t\t<div class=\"elementor-post__excerpt\">\n\t\t\t<p>La Federaci\u00f3n Fesoc, celebr\u00f3 el cierre de su ciclo de capacitaciones con un evento navide\u00f1o que incluy\u00f3 un plato tradicional, juegos y reflexiones. Los participantes<\/p>\n\t\t<\/div>\n\t\t\n\t\t<a class=\"elementor-post__read-more\" href=\"https:\/\/federacionfesoc.org\/index.php\/2026\/01\/22\/noticia-2\/\" aria-label=\"Read more about Cierre de Capacitaciones\" tabindex=\"-1\" >\n\t\t\tLeer m\u00e1s \u00bb\t\t<\/a>\n\n\t\t\t\t<\/div>\n\t\t\t\t<\/article>\n\t\t\t\t<article class=\"elementor-post elementor-grid-item post-117 post type-post status-publish format-standard has-post-thumbnail hentry category-sin-categoria\">\n\t\t\t\t<a class=\"elementor-post__thumbnail__link\" href=\"https:\/\/federacionfesoc.org\/index.php\/2026\/01\/22\/noticia-1\/\" tabindex=\"-1\" >\n\t\t\t<div class=\"elementor-post__thumbnail\"><img loading=\"lazy\" decoding=\"async\" width=\"768\" height=\"675\" src=\"https:\/\/federacionfesoc.org\/wp-content\/uploads\/2026\/01\/1733465969WhatsApp-Image-2024-12-06-at-1.08.06-AM-768x675.jpeg\" class=\"attachment-medium_large size-medium_large wp-image-398\" alt=\"\" srcset=\"https:\/\/federacionfesoc.org\/wp-content\/uploads\/2026\/01\/1733465969WhatsApp-Image-2024-12-06-at-1.08.06-AM-768x675.jpeg 768w, https:\/\/federacionfesoc.org\/wp-content\/uploads\/2026\/01\/1733465969WhatsApp-Image-2024-12-06-at-1.08.06-AM-300x264.jpeg 300w, https:\/\/federacionfesoc.org\/wp-content\/uploads\/2026\/01\/1733465969WhatsApp-Image-2024-12-06-at-1.08.06-AM.jpeg 877w\" sizes=\"(max-width: 768px) 100vw, 768px\" \/><\/div>\n\t\t<\/a>\n\t\t\t\t<div class=\"elementor-post__text\">\n\t\t\t\t<h3 class=\"elementor-post__title\">\n\t\t\t<a href=\"https:\/\/federacionfesoc.org\/index.php\/2026\/01\/22\/noticia-1\/\" >\n\t\t\t\tAcuerdos\t\t\t<\/a>\n\t\t<\/h3>\n\t\t\t\t<div class=\"elementor-post__meta-data\">\n\t\t\t\t\t<span class=\"elementor-post-date\">\n\t\t\t22 enero, 2026\t\t<\/span>\n\t\t\t\t<span class=\"elementor-post-avatar\">\n\t\t\tNo hay comentarios\t\t<\/span>\n\t\t\t\t<\/div>\n\t\t\t\t<div class=\"elementor-post__excerpt\">\n\t\t\t<p>En el mes de octubre, la presidenta de la Federaci\u00f3n sostuvo una importante reuni\u00f3n con el se\u00f1or Tulio G\u00f3mez, due\u00f1o del Deportivo Am\u00e9rica y los<\/p>\n\t\t<\/div>\n\t\t\n\t\t<a class=\"elementor-post__read-more\" href=\"https:\/\/federacionfesoc.org\/index.php\/2026\/01\/22\/noticia-1\/\" aria-label=\"Read more about Acuerdos\" tabindex=\"-1\" >\n\t\t\tLeer m\u00e1s \u00bb\t\t<\/a>\n\n\t\t\t\t<\/div>\n\t\t\t\t<\/article>\n\t\t\t\t<\/div>\n\t\t\n\t\t\t\t\t\t<\/div>\n\t\t\t\t<\/div>\n\t\t\t\t\t<\/div>\n\t\t\t\t<\/div>\n\t\t\t\t<\/div>\n\t\t","protected":false},"excerpt":{"rendered":"<p>Noticias<\/p>\n","protected":false},"author":1,"featured_media":0,"parent":0,"menu_order":0,"comment_status":"closed","ping_status":"closed","template":"","meta":{"footnotes":""},"class_list":["post-153","page","type-page","status-publish","hentry"],"_links":{"self":[{"href":"https:\/\/federacionfesoc.org\/index.php\/wp-json\/wp\/v2\/pages\/153","targetHints":{"allow":["GET"]}}],"collection":[{"href":"https:\/\/federacionfesoc.org\/index.php\/wp-json\/wp\/v2\/pages"}],"about":[{"href":"https:\/\/federacionfesoc.org\/index.php\/wp-json\/wp\/v2\/types\/page"}],"author":[{"embeddable":true,"href":"https:\/\/federacionfesoc.org\/index.php\/wp-json\/wp\/v2\/users\/1"}],"replies":[{"embeddable":true,"href":"https:\/\/federacionfesoc.org\/index.php\/wp-json\/wp\/v2\/comments?post=153"}],"version-history":[{"count":22,"href":"https:\/\/federacionfesoc.org\/index.php\/wp-json\/wp\/v2\/pages\/153\/revisions"}],"predecessor-version":[{"id":450,"href":"https:\/\/federacionfesoc.org\/index.php\/wp-json\/wp\/v2\/pages\/153\/revisions\/450"}],"wp:attachment":[{"href":"https:\/\/federacionfesoc.org\/index.php\/wp-json\/wp\/v2\/media?parent=153"}],"curies":[{"name":"wp","href":"https:\/\/api.w.org\/{rel}","templated":true}]}}

<div data-elementor-type="wp-page" data-elementor-id="153" class="elementor elementor-153" data-elementor-post-type="page">
				<div class="elementor-element elementor-element-7e39abd e-flex e-con-boxed e-con e-parent" data-id="7e39abd" data-element_type="container" data-e-type="container">
					<div class="e-con-inner">
				<div class="elementor-element elementor-element-a648a47 elementor-widget elementor-widget-heading" data-id="a648a47" data-element_type="widget" data-e-type="widget" data-widget_type="heading.default">
					<h1 class="elementor-heading-title elementor-size-default">Noticias</h1>				</div>
				<div class="elementor-element elementor-element-d93a706 elementor-grid-3 elementor-grid-tablet-2 elementor-grid-mobile-1 elementor-posts--thumbnail-top elementor-widget elementor-widget-posts" data-id="d93a706" data-element_type="widget" data-e-type="widget" data-settings="{&quot;pagination_type&quot;:&quot;numbers&quot;,&quot;classic_columns&quot;:&quot;3&quot;,&quot;classic_columns_tablet&quot;:&quot;2&quot;,&quot;classic_columns_mobile&quot;:&quot;1&quot;,&quot;classic_row_gap&quot;:{&quot;unit&quot;:&quot;px&quot;,&quot;size&quot;:35,&quot;sizes&quot;:[]},&quot;classic_row_gap_tablet&quot;:{&quot;unit&quot;:&quot;px&quot;,&quot;size&quot;:&quot;&quot;,&quot;sizes&quot;:[]},&quot;classic_row_gap_mobile&quot;:{&quot;unit&quot;:&quot;px&quot;,&quot;size&quot;:&quot;&quot;,&quot;sizes&quot;:[]}}" data-widget_type="posts.classic">
				<div class="elementor-widget-container">
							<div class="elementor-posts-container elementor-posts elementor-posts--skin-classic elementor-grid">
				<article class="elementor-post elementor-grid-item post-426 post type-post status-publish format-standard has-post-thumbnail hentry category-sin-categoria">
				<a class="elementor-post__thumbnail__link" href="https://federacionfesoc.org/index.php/2026/01/23/conectados-al-futuro/" tabindex="-1" >
			<div class="elementor-post__thumbnail"><img fetchpriority="high" decoding="async" width="768" height="576" src="https://federacionfesoc.org/wp-content/uploads/2026/01/1744265908WhatsApp-Image-2025-04-10-at-00.45.32-768x576.jpeg" class="attachment-medium_large size-medium_large wp-image-427" alt="" srcset="https://federacionfesoc.org/wp-content/uploads/2026/01/1744265908WhatsApp-Image-2025-04-10-at-00.45.32-768x576.jpeg 768w, https://federacionfesoc.org/wp-content/uploads/2026/01/1744265908WhatsApp-Image-2025-04-10-at-00.45.32-300x225.jpeg 300w, https://federacionfesoc.org/wp-content/uploads/2026/01/1744265908WhatsApp-Image-2025-04-10-at-00.45.32-1024x768.jpeg 1024w, https://federacionfesoc.org/wp-content/uploads/2026/01/1744265908WhatsApp-Image-2025-04-10-at-00.45.32-1536x1152.jpeg 1536w, https://federacionfesoc.org/wp-content/uploads/2026/01/1744265908WhatsApp-Image-2025-04-10-at-00.45.32.jpeg 1600w" sizes="(max-width: 768px) 100vw, 768px" /></div>
		</a>
				<div class="elementor-post__text">
				<h3 class="elementor-post__title">
			<a href="https://federacionfesoc.org/index.php/2026/01/23/conectados-al-futuro/" >
				Conectados al futuro			</a>
		</h3>
				<div class="elementor-post__meta-data">
					<span class="elementor-post-date">
			23 enero, 2026		</span>
				<span class="elementor-post-avatar">
			No hay comentarios		</span>
				</div>
				<div class="elementor-post__excerpt">
			<p>Formación en Finanzas y Tecnología Inteligente.</p>
		</div>
		
		<a class="elementor-post__read-more" href="https://federacionfesoc.org/index.php/2026/01/23/conectados-al-futuro/" aria-label="Read more about Conectados al futuro" tabindex="-1" >
			Leer más »		</a>

				</div>
				</article>
				<article class="elementor-post elementor-grid-item post-139 post type-post status-publish format-standard has-post-thumbnail hentry category-sin-categoria">
				<a class="elementor-post__thumbnail__link" href="https://federacionfesoc.org/index.php/2026/01/22/noticia-3/" tabindex="-1" >
			<div class="elementor-post__thumbnail"><img decoding="async" width="768" height="575" src="https://federacionfesoc.org/wp-content/uploads/2026/01/1736057563WhatsApp-Image-2024-12-27-at-08.59.04-768x575.jpeg" class="attachment-medium_large size-medium_large wp-image-421" alt="" srcset="https://federacionfesoc.org/wp-content/uploads/2026/01/1736057563WhatsApp-Image-2024-12-27-at-08.59.04-768x575.jpeg 768w, https://federacionfesoc.org/wp-content/uploads/2026/01/1736057563WhatsApp-Image-2024-12-27-at-08.59.04-300x224.jpeg 300w, https://federacionfesoc.org/wp-content/uploads/2026/01/1736057563WhatsApp-Image-2024-12-27-at-08.59.04-1024x766.jpeg 1024w, https://federacionfesoc.org/wp-content/uploads/2026/01/1736057563WhatsApp-Image-2024-12-27-at-08.59.04-1536x1149.jpeg 1536w, https://federacionfesoc.org/wp-content/uploads/2026/01/1736057563WhatsApp-Image-2024-12-27-at-08.59.04.jpeg 1600w" sizes="(max-width: 768px) 100vw, 768px" /></div>
		</a>
				<div class="elementor-post__text">
				<h3 class="elementor-post__title">
			<a href="https://federacionfesoc.org/index.php/2026/01/22/noticia-3/" >
				Creciendo Juntos			</a>
		</h3>
				<div class="elementor-post__meta-data">
					<span class="elementor-post-date">
			22 enero, 2026		</span>
				<span class="elementor-post-avatar">
			No hay comentarios		</span>
				</div>
				<div class="elementor-post__excerpt">
			<p>  La Federación FESOC, bajo la dirección de su presidenta Jacqueline Hermann y por iniciativa del área psicosocial, organizó un almuerzo con el equipo administrativo</p>
		</div>
		
		<a class="elementor-post__read-more" href="https://federacionfesoc.org/index.php/2026/01/22/noticia-3/" aria-label="Read more about Creciendo Juntos" tabindex="-1" >
			Leer más »		</a>

				</div>
				</article>
				<article class="elementor-post elementor-grid-item post-134 post type-post status-publish format-standard has-post-thumbnail hentry category-sin-categoria">
				<a class="elementor-post__thumbnail__link" href="https://federacionfesoc.org/index.php/2026/01/22/noticia-2/" tabindex="-1" >
			<div class="elementor-post__thumbnail"><img decoding="async" width="768" height="432" src="https://federacionfesoc.org/wp-content/uploads/2026/01/1733467152WhatsApp-Image-2024-12-06-at-1.32.01-AM-768x432.jpeg" class="attachment-medium_large size-medium_large wp-image-413" alt="" srcset="https://federacionfesoc.org/wp-content/uploads/2026/01/1733467152WhatsApp-Image-2024-12-06-at-1.32.01-AM-768x432.jpeg 768w, https://federacionfesoc.org/wp-content/uploads/2026/01/1733467152WhatsApp-Image-2024-12-06-at-1.32.01-AM-300x169.jpeg 300w, https://federacionfesoc.org/wp-content/uploads/2026/01/1733467152WhatsApp-Image-2024-12-06-at-1.32.01-AM-1024x576.jpeg 1024w, https://federacionfesoc.org/wp-content/uploads/2026/01/1733467152WhatsApp-Image-2024-12-06-at-1.32.01-AM-1536x864.jpeg 1536w, https://federacionfesoc.org/wp-content/uploads/2026/01/1733467152WhatsApp-Image-2024-12-06-at-1.32.01-AM.jpeg 1599w" sizes="(max-width: 768px) 100vw, 768px" /></div>
		</a>
				<div class="elementor-post__text">
				<h3 class="elementor-post__title">
			<a href="https://federacionfesoc.org/index.php/2026/01/22/noticia-2/" >
				Cierre de Capacitaciones			</a>
		</h3>
				<div class="elementor-post__meta-data">
					<span class="elementor-post-date">
			22 enero, 2026		</span>
				<span class="elementor-post-avatar">
			No hay comentarios		</span>
				</div>
				<div class="elementor-post__excerpt">
			<p>La Federación Fesoc, celebró el cierre de su ciclo de capacitaciones con un evento navideño que incluyó un plato tradicional, juegos y reflexiones. Los participantes</p>
		</div>
		
		<a class="elementor-post__read-more" href="https://federacionfesoc.org/index.php/2026/01/22/noticia-2/" aria-label="Read more about Cierre de Capacitaciones" tabindex="-1" >
			Leer más »		</a>

				</div>
				</article>
				<article class="elementor-post elementor-grid-item post-117 post type-post status-publish format-standard has-post-thumbnail hentry category-sin-categoria">
				<a class="elementor-post__thumbnail__link" href="https://federacionfesoc.org/index.php/2026/01/22/noticia-1/" tabindex="-1" >
			<div class="elementor-post__thumbnail"><img loading="lazy" decoding="async" width="768" height="675" src="https://federacionfesoc.org/wp-content/uploads/2026/01/1733465969WhatsApp-Image-2024-12-06-at-1.08.06-AM-768x675.jpeg" class="attachment-medium_large size-medium_large wp-image-398" alt="" srcset="https://federacionfesoc.org/wp-content/uploads/2026/01/1733465969WhatsApp-Image-2024-12-06-at-1.08.06-AM-768x675.jpeg 768w, https://federacionfesoc.org/wp-content/uploads/2026/01/1733465969WhatsApp-Image-2024-12-06-at-1.08.06-AM-300x264.jpeg 300w, https://federacionfesoc.org/wp-content/uploads/2026/01/1733465969WhatsApp-Image-2024-12-06-at-1.08.06-AM.jpeg 877w" sizes="(max-width: 768px) 100vw, 768px" /></div>
		</a>
				<div class="elementor-post__text">
				<h3 class="elementor-post__title">
			<a href="https://federacionfesoc.org/index.php/2026/01/22/noticia-1/" >
				Acuerdos			</a>
		</h3>
				<div class="elementor-post__meta-data">
					<span class="elementor-post-date">
			22 enero, 2026		</span>
				<span class="elementor-post-avatar">
			No hay comentarios		</span>
				</div>
				<div class="elementor-post__excerpt">
			<p>En el mes de octubre, la presidenta de la Federación sostuvo una importante reunión con el señor Tulio Gómez, dueño del Deportivo América y los</p>
		</div>
		
		<a class="elementor-post__read-more" href="https://federacionfesoc.org/index.php/2026/01/22/noticia-1/" aria-label="Read more about Acuerdos" tabindex="-1" >
			Leer más »		</a>

				</div>
				</article>
				</div>
		
						</div>
				</div>
					</div>
				</div>
				</div>
